 in base 16?
4
What is -9 (base 16) in base 7?
-12
2a (base 15) to base 2
101000
Convert 120 (base 7) to base 13.
4b
What is 25 (base 13) in base 12?
27
-1 (base 9) to base 2
-1
Convert 2b (base 13) to base 15.
27
Convert -13 (base 4) to base 2.
-111
-133 (base 5) to base 2
-101011
-24 (base 15) to base 4
-202
-2 (base 16) to base 2
-10
111100 (base 2) to base 13
48
What is -e6 (base 16) in base 11?
-19a
-25 (base 6) to base 12
-15
Convert 4 (base 8) to base 11.
4
-4 (base 15) to base 12
-4
What is 11 (base 7) in base 4?
20
Convert -10 (base 7) to base 8.
-7
What is 3 (base 13) in base 14?
3
Convert -1 (base 3) to base 2.
-1
What is 24 (base 8) in base 15?
15
-5a (base 11) to base 14
-49
14 (base 13) to base 4
101
Convert -6 (base 13) to base 15.
-6
-17 (base 11) to base 12
-16
Convert -221 (base 7) to base 8.
-161
Convert 16 (base 15) to base 4.
111
-24 (base 11) to base 6
-42
-113 (base 9) to base 14
-69
-18 (base 16) to base 2
-11000
What is -101 (base 2) in base 9?
-5
What is dc (base 14) in base 9?
235
Convert -1 (base 3) to base 14.
-1
1 (base 15) to base 6
1
3 (base 4) to base 9
3
1 (base 2) to base 5
1
104 (base 13) to base 2
10101101
What is 14 (base 9) in base 14?
d
Convert 4 (base 16) to base 10.
4
14 (base 12) to base 2
10000
Convert -1 (base 16) to base 2.
-1
132 (base 8) to base 4
1122
Convert -242 (base 6) to base 12.
-82
Convert -1c (base 13) to base 7.
-34
What is 20 (base 9) in base 8?
22
Convert -14 (base 5) to base 12.
-9
6 (base 11) to base 7
6
What is -2 (base 15) in base 2?
-10
What is 111 (base 2) in base 6?
11
What is -23 (base 8) in base 3?
-201
Convert 1 (base 7) to base 14.
1
Convert 2332 (base 4) to base 13.
118
1 (base 13) to base 14
1
17 (base 16) to base 3
212
Convert -1 (base 13) to base 9.
-1
137 (base 14) to base 11
203
Convert 346 (base 7) to base 10.
181
-1 (base 6) to base 9
-1
-47 (base 16) to base 6
-155
1012 (base 4) to base 8
106
What is -41 (base 5) in base 10?
-21
Convert 2131 (base 4) to base 14.
b3
What is -3 (base 8) in base 14?
-3
31 (base 6) to base 8
23
7 (base 16) to base 9
7
What is 2 (base 4) in base 15?
2
What is -100 (base 2) in base 7?
-4
10 (base 8) to base 13
8
Convert 201 (base 9) to base 11.
139
What is -1 (base 7) in base 4?
-1
25 (base 15) to base 11
32
What is -6 (base 9) in base 11?
-6
Convert -3 (base 6) to base 7.
-3
Convert 10003 (base 4) to base 11.
216
What is -1 (base 15) in base 4?
-1
What is -27 (base 8) in base 14?
-19
1043 (base 5) to base 4
2110
What is -13f (base 16) in base 3?
-102211
What is -5e (base 15) in base 16?
-59
What is -1a (base 15) in base 4?
-121
What is 11 (base 16) in base 9?
18
Convert 3 (base 4) to base 13.
3
What is 11000 (base 2) in base 10?
24
Convert 38 (base 11) to base 3.
1112
Convert 101010010 (base 2) to base 16.
152
Convert -22200 (base 3) to base 13.
-150
What is 88 (base 12) in base 5?
404
Convert 1 (base 11) to base 12.
1
Convert -1 (base 16) to base 2.
-1
What is -11 (base 2) in base 5?
-3
10 (base 2) to base 11
2
Convert 11 (base 10) to base 5.
21
What is -8 (base 12) in base 15?
-8
Convert -13 (base 7) to base 5.
-20
243 (base 10) to base 5
1433
331 (base 5) to base 8
133
Convert 122 (base 6) to base 16.
32
Convert 12 (base 4) to base 9.
6
Convert 1021 (base 3) to base 11.
31
-3 (base 9) to base 11
-3
Convert -1002 (base 3) to base 6.
-45
What is -10011 (base 2) in base 10?
-19
What is 121 (base 5) in base 16?
24
Convert 27 (base 15) to base 5.
122
1323 (base 4) to base 9
146
Convert -124 (base 5) to base 14.
-2b
Convert 6 (base 14) to base 13.
6
What is -10 (base 2) in base 4?
-2
Convert -1c (base 14) to base 15.
-1b
Convert 10 (base 3) to base 10.
3
2 (base 5) to base 3
2
-13 (base 4) to base 10
-7
0 (base 15) to base 6
0
Convert 8b (base 14) to base 2.
1111011
9 (base 11) to base 15
9
Convert 100200 (base 3) to base 11.
218
1 (base 12) to base 8
1
8 (base 10) to base 12
8
1 (base 7) to base 10
1
1 (base 7) to base 6
1
8 (base 9) to base 11
8
Convert -1011 (base 3) to base 9.
-34
What is 3 (base 10) in base 9?
3
What is 9 (base 10) in base 15?
9
What is 22 (base 12) in base 10?
26
Convert 10 (base 10) to base 16.
a
-64 (base 7) to base 12
-3a
What is 2 (base 11) in base 12?
2
-144 (base 5) to base 9
-54
What is 2b9 (base 12) in base 15?
1d9
What is 66 (base 10) in base 9?
73
What is 101111 (base 2) in base 14?
35
-6 (base 9) to base 12
-6
8 (base 16) to base 8
10
Convert c (base 14) to base 15.
c
0 (base 3) to base 5
0
Convert 147 (base 11) to base 7.
334
What is 22 (base 8) in base 5?
33
Convert -10 (base 13) to base 8.
-15
What is -10011001 (base 2) in base 8?
-231
0 (base 10) to base 2
0
Convert -2 (base 3) to base 14.
-2
Convert -4 (base 8) to base 3.
-11
What is -10 (base 5) in base 14?
-5
-26 (base 9) to base 14
-1a
What is 39 (base 10) in base 7?
54
What is 111 (base 4) in base 13?
18
Convert 3 (base 11) to base 14.
3
-15 (base 6) to base 11
-10
What is -9c (base 14) in base 6?
-350
What is 86 (base 9) in base 2?
1001110
186 (base 12) to base 6
1050
Convert 1 (base 10) to base 12.
1
What is 20 (base 6) in base 2?
1100
189 (base 10) to base 4
2331
What is 0 (base 10) in base 5?
0
What is -133 (base 7) in base 2?
-1001001
Convert -1 (base 4) to base 10.
-1
What is a (base 13) in base 15?
a
Convert -3 (base 6) to base 16.
-3
What is 85 (base 9) in base 2?
1001101
Convert -21 (base 5) to base 4.
-23
Convert 1001 (base 2) to base 4.
21
-38 (base 13) to base 6
-115
Convert -30 (base 12) to base 10.
-36
What is 10112 (base 3) in base 14?
6b
What is 78 (base 15) in base 16?
71
Convert -a7 (base 15) to base 3.
-12211
What is 10 (base 9) in base 10?
9
What is 10 (base 4) in base 11?
4
-6 (base 8) to base 6
-10
0 (base 3) to base 15
0
10 (base 12) to base 3
110
What is 313 (base 6) in base 4?
1311
-10 (base 14) to base 10
-14
3 (base 4) to base 16
3
20 (base 4) to base 7
11
Convert -39 (base 14) to base 5.
-201
Convert -95 (base 12) to base 7.
-221
Convert 230 (base 4) to base 16.
2c
Convert 0 (base 2) to base 11.
0
34 (base 12) to base 16
28
What is 3 (base 6) in base 7?
3
0 (base 15) to base 14
0
What is 0 (base 6) in base 9?
0
What is -263 (base 8) in base 15?
-be
Convert 14 (base 9) to base 2.
1101
Convert 1 (base 4) to base 9.
1
144 (base 5) to base 3
1211
What is -3 (base 5) in base 13?
-3
Convert 171 (base 8) to base 5.
441
What is -9 (base 15) in base 8?
-11
4 (base 16) to base 9
4
What is 1 (base 10) in base 3?
1
What is 147 (base 10) in base 5?
1042
Convert 3 (base 14) to base 6.
3
What is -7d (base 15) in base 16?
-76
What is -1 (base 5) in base 16?
-1
What is -a (base 11) in base 14?
-a
What is -12 (base 3) in base 14?
-5
What is -9a (base 11) in base 7?
-214
b5 (base 12) to base 11
115
-12 (base 12) to base 11
-13
Convert 6 (base 9) to base 5.
11
1023 (base 4) to base 11
69
-14 (base 12) to base 7
-22
2 (base 10) to base 16
2
Convert -1100 (base 2) to base 3.
-110
What is 20 (base 9) in base 14?
14
What is -71 (base 16) in base 7?
-221
What is -6 (base 10) in base 14?
-6
Convert 22 (base 8) to base 2.
10010
What is -60 (base 13) in base 15?
-53
What is a (base 11) in base 7?
13
-16a (base 14) to base 10
-290
15 (base 12) to base 15
12
Convert 101011 (base 2) to base 16.
2b
7 (base 10) to base 2
111
What is 212 (base 9) in base 11?
148
-412 (base 5) to base 14
-79
Convert -1 (base 2) to base 10.
-1
What is -64 (base 9) in base 13?
-46
What is -f (base 16) in base 5?
-30
What is -2 (base 7) in base 11?
-2
-4 (base 13) to base 6
-4
What is 4 (base 9) in base 15?
4
Convert -a (base 15) to base 6.
-14
0 (base 2) to base 12
0
-10 (base 3) to base 2
-11
What is 3 (base 10) in base 2?
11
Convert 10 (base 2) to base 9.
2
Convert -222 (base 7) to base 15.
-79
-180 (base 15) to base 8
-531
What is -110 (base 2) in base 8?
-6
Convert 1 (base 13) to base 5.
1
Convert 4 (base 11) to base 3.
11
Convert -3 (base 16) to base 15.
-3
Convert 31 (base 15) to base 14.
34
Convert 2 (base 13) to base 10.
2
Convert 14 (base 10) to base 13.
11
Convert 29 (base 12) to base 3.
1020
71 (base 8) to base 12
49
What is -4 (base 13) in base 16?
-4
Convert 65 (base 9) to base 4.
323
Convert 21 (base 7) to base 15.
10
Convert -1a (base 15) to base 3.
-221
What is -b (base 15) in base 4?
-23
What is -2 (base 6) in base 2?
-10
What is 139 (base 10) in base